(base 7) in base 5?
-214132
What is 3310322 (base 4) in base 8?
36472
10000100010 (base 2) to base 9
1405
What is 211222 (base 3) in base 4?
21230
Convert -2376 (base 14) to base 12.
-36b0
What is -ebc (base 15) in base 13?
-168c
What is 7ea (base 16) in base 8?
3752
Convert 1011001000110 (base 2) to base 3.
21211012
Convert -4de (base 15) to base 9.
-1462
Convert -331 (base 10) to base 7.
-652
20587 (base 9) to base 10
13606
210200111 (base 3) to base 13
7270
What is -131465 (base 7) in base 10?
-24596
-1102221 (base 3) to base 11
-876
-10010000000 (base 2) to base 14
-5c4
-5437 (base 9) to base 13
-1a8c
Convert 55 (base 14) to base 6.
203
Convert 10374 (base 9) to base 14.
270b
Convert -511406 (base 7) to base 4.
-111033011
206745 (base 8) to base 4
100313211
What is 2306a (base 12) in base 15?
dcad
Convert 73a3 (base 13) to base 11.
11043
What is -5b6 (base 12) in base 6?
-3550
What is -143103 (base 6) in base 16?
-354f
Convert 12 (base 14) to base 8.
20
7c8a (base 13) to base 4
10101301
-4d93 (base 14) to base 7
-54543
-1435 (base 6) to base 8
-577
What is -26a (base 13) in base 9?
-523
3364 (base 8) to base 5
24110
What is -2101012 (base 3) in base 4?
-123011
What is 10111010100100 (base 2) in base 3?
121101020
What is -2161 (base 7) in base 6?
-3334
-18ba8 (base 12) to base 16
-8db0
Convert -a9a (base 15) to base 12.
-1477
Convert 442151 (base 7) to base 13.
29426
Convert -215400 (base 6) to base 12.
-a560
1102202 (base 3) to base 14
54a
Convert -2a3 (base 14) to base 7.
-1363
Convert -390 (base 14) to base 3.
-222110
What is c21 (base 14) in base 16?
94d
What is 10222201 (base 3) in base 7?
11323
What is -131230 (base 4) in base 11?
-1478
230303 (base 4) to base 16
b33
9250 (base 11) to base 12
7130
-a9a (base 11) to base 4
-110213
-63a (base 11) to base 16
-301
What is -75851 (base 9) in base 7?
-266356
What is 3e7 (base 16) in base 4?
33213
What is -32 (base 13) in base 8?
-51
Convert 604 (base 8) to base 5.
3023
What is -8415 (base 10) in base 15?
-2760
What is -11021 (base 4) in base 12?
-235
Convert -20112 (base 4) to base 10.
-534
What is 33055 (base 8) in base 4?
3120231
What is -259b (base 12) in base 16?
-10c7
210533 (base 6) to base 15
50b9
Convert 7418 (base 9) to base 2.
1010101000100
What is 1049 (base 14) in base 6?
21001
Convert -191 (base 15) to base 6.
-1401
45 (base 6) to base 13
23
-1345 (base 9) to base 10
-1013
-1032443 (base 5) to base 13
-819b
135235 (base 6) to base 13
5ac8
-2474 (base 9) to base 12
-10a1
-504 (base 9) to base 16
-199
What is -141 (base 15) in base 4?
-10132
54000 (base 6) to base 2
1110010110000
What is 6361 (base 7) in base 16?
8c8
What is 322 (base 8) in base 9?
253
20575 (base 9) to base 15
4065
What is -10100211 (base 3) in base 15?
-ad7
What is -11111011100 (base 2) in base 5?
-31022
What is 8725 (base 13) in base 3?
221202221
-3404 (base 5) to base 11
-3a6
What is -3c0 (base 14) in base 11?
-628
Convert 10200 (base 6) to base 16.
558
3172 (base 9) to base 6
14445
Convert 8834 (base 11) to base 8.
26605
Convert 27688 (base 9) to base 4.
10211213
Convert -32004 (base 5) to base 8.
-4121
Convert -2259 (base 12) to base 13.
-1974
What is -b1 (base 15) in base 12?
-11a
What is -1df (base 16) in base 13?
-2ab
-32457 (base 9) to base 3
-1002111221
What is 135b (base 15) in base 6?
31052
Convert -10122220 (base 3) to base 8.
-5156
132 (base 6) to base 2
111000
What is 178 (base 13) in base 8?
414
What is 2663 (base 8) in base 7?
4153
-3400 (base 6) to base 16
-318
Convert -3104 (base 7) to base 16.
-43a
What is 1962 (base 13) in base 12?
2246
-424 (base 14) to base 16
-330
What is -1002021002 (base 3) in base 12?
-10418
Convert 3783a (base 11) to base 3.
2202102022
Convert 3030320 (base 4) to base 3.
122222122
-1011010001110000 (base 2) to base 6
-553504
What is -16641 (base 9) in base 13?
-52a5
-20010 (base 3) to base 5
-1130
What is 24451 (base 11) in base 4?
20211022
-432 (base 10) to base 13
-273
Convert -200012212 (base 3) to base 16.
-33e0
32d (base 16) to base 8
1455
What is 126 (base 12) in base 14?
c6
What is -745 (base 9) in base 6?
-2452
-816 (base 16) to base 4
-200112
Convert -21101 (base 4) to base 7.
-1505
709 (base 11) to base 12
5b4
What is 1bb (base 14) in base 6?
1401
What is -35a6 (base 14) in base 5?
-244413
What is 1301 (base 10) in base 7?
3536
What is -10224 (base 7) in base 10?
-2517
50001 (base 6) to base 4
1211101
Convert -1188 (base 9) to base 10.
-890
-11110001001011 (base 2) to base 8
-36113
68a (base 14) to base 11
a80
What is 683 (base 16) in base 15?
762
What is -109a (base 11) in base 8?
-2640
What is 130200 (base 4) in base 16?
720
Convert -a610 (base 12) to base 15.
-55a6
What is 250 (base 11) in base 7?
603
Convert 753 (base 16) to base 15.
850
Convert -445 (base 13) to base 5.
-10413
What is -663 (base 9) in base 12?
-393
1001101100110 (base 2) to base 4
1031212
Convert -212 (base 9) to base 12.
-125
Convert -1135 (base 6) to base 10.
-275
-110011011 (base 2) to base 16
-19b
499 (base 11) to base 4
21100
Convert -11101110110001 (base 2) to base 3.
-202221222
Convert -11ba2 (base 14) to base 6.
-533110
Convert 2106 (base 9) to base 5.
22140
-21012102 (base 3) to base 8
-12201
Convert 4446 (base 10) to base 16.
115e
What is 135c3 (base 13) in base 3?
1211121010
-aa1 (base 14) to base 4
-200311
What is 1101111111100 (base 2) in base 5?
212124
What is 482a (base 13) in base 11?
7711
-3079 (base 13) to base 9
-10154
Convert -3030131 (base 4) to base 5.
-404320
What is -11532 (base 6) in base 4?
-122300
What is 1ad (base 14) in base 16?
15d
Convert 1001101011 (base 2) to base 9.
757
101102121 (base 3) to base 10
7603
What is 713 (base 8) in base 11?
388
What is -438 (base 16) in base 4?
-100320
What is -20123 (base 5) in base 14?
-680
2212122 (base 4) to base 2
10100110011010
Convert 70066 (base 9) to base 2.
1011001110100011
Convert 6c3 (base 14) to base 7.
3633
What is 1100110010110111 (base 2) in base 9?
78800
Convert -25c6 (base 13) to base 8.
-12431
-200011 (base 3) to base 10
-490
Convert 1101101111 (base 2) to base 15.
3d9
1110111011101 (base 2) to base 3
101111011
What is -a265 (base 11) in base 6?
-143023
139 (base 10) to base 14
9d
What is -36314 (base 9) in base 13?
-b0b3
Convert -11011011 (base 3) to base 10.
-3028
Convert 101101001 (base 2) to base 15.
191
What is 101 (base 3) in base 2?
1010
651 (base 7) to base 16
14a
What is 1347 (base 8) in base 5?
10433
-220b (base 13) to base 16
-1287
Convert 2015 (base 7) to base 2.
1010111010
Convert 10333 (base 4) to base 12.
227
What is 221220000 (base 3) in base 13?
878a
Convert -4112 (base 6) to base 14.
-48c
What is -11003 (base 12) in base 4?
-11133003
Convert ed (base 15) to base 16.
df
What is 27 (base 8) in base 13?
1a
-1011120020 (base 3) to base 12
-11396
What is -2122 (base 3) in base 10?
-71
What is -4101 (base 6) in base 9?
-1211
Convert -c8d3 (base 14) to base 12.
-180a1
-10 (base 11) to base 7
-14
Convert -159 (base 16) to base 11.
-294
Convert -17d (base 15) to base 11.
-292
What is -71672 (base 8) in base 16?
-73ba
Convert 2b (base 12) to base 6.
55
What is -3383 (base 11) in base 7?
-15652
12769 (base 10) to base 4
3013201
What is -32c6 (base 14) in base 4?
-2021132
-202011112 (base 3) to base 10
-14702
What is -144 (base 16) in base 9?
-400
4113 (base 13) to base 10
8973
Convert 110100001011111 (base 2) to base 7.
140620
-1313 (base 7) to base 8
-764
Convert 130013 (base 4) to base 10.
1799
-51564 (base 10) to base 7
-303222
Convert -4b33 (base 15) to base 2.
-11111010010111
11210 (base 3) to base 10
129
7b5 (base 15) to base 11
1347
What is -251 (base 9) in base 11?
-17a
Convert -14003 (base 6) to base 16.
-873
361 (base 12) to base 7
1321
218 (base 15) to base 3
122112
-1167 (base 13) to base 15
-ad6
What is -230402 (base 5) in base 11?
-61aa
-438 (base 10) to base 7
-1164
Convert -1074 (base 8) to base 15.
-282
Convert 2446 (base 9) to base 12.
1080
-739 (base 12) to base 8
-2035
What is 1176 (base 12) in base 3?
2200200
Convert -120022 (base 4) to base 10.
-1546
Convert 301e (base 15) to base 6.
115002
Convert 273 (base 8) to base 12.
137
Convert -52515 (base 6) to base 10.
-7103
-1a4 (base 16) to base 12
-2b0
What is -201001 (base 5) in base 10?
-6376
What is 122110211 (base 3) in b